w and 21.
21
Let n = 32 - -47. Suppose -11 = -t + n. Suppose -2*g + 45 = 3*g. Calculate the highest common divisor of g and t.
9
Suppose 0 = -3*f + 104 - 11. Let j(d) = d**3 - 315*d**2 - 648*d + 5275. Let m be j(317). What is the greatest common factor of m and f?
31
Suppose -68 = -8*b - 20. Suppose 5 = 5*i - 11*a + b*a, 4*i - 39 = -3*a. What is the highest common factor of i and 28?
2
Suppose 1206 + 1086 = 7*c - 186. Calculate the highest common divisor of c and 174.
6
Suppose -6*c + 11*c = -4*z + 303, -8*z + 723 = -3*c. Calculate the highest common divisor of z and 10237.
29
Let b = -26297 + 26339. Suppose -3*a - 4 = -5*a. Suppose a*v - 210 = v. What is the highest common factor of v and b?
42
Suppose 5*o + 2 = 2*s + o, 0 = -4*s - 5*o + 30. Let x be (s*5/(-25))/(1/(-32)). Calculate the greatest common factor of 2 and x.
2
Let a be 173908/280 - (2/18)/(50/45). What is the greatest common factor of a and 5520?
69
Let x(b) = -b**3 - 5*b**2 - 21*b + 3. Let m be x(6). Let w = m - -772. Calculate the greatest common divisor of 23 and w.
23
Suppose 93*q - 23046 = 70*q. Suppose 2*s = 4*f - 560, -5*f = -4*s - q + 308. What is the highest common divisor of 497 and f?
71
Let f be 400020/65 - (-18)/1989*-17. What is the highest common factor of f and 51?
17
Suppose 0 = 2*g + 87 + 121. Let k = 116 + g. Let i(z) = 11*z**2 + 1. Let p be i(1). Calculate the highest common divisor of k and p.
12
Let u be 16/136 - (-12987)/153. Calculate the highest common divisor of 340 and u.
85
Let d = -150853 - -150881. Suppose 4*v + r = 7*v - 53, -3*v = r - 55. Let o = -11 + v. What is the highest common factor of d and o?
7
Let c(w) = -w**3 + 4*w + 21. Let o be (-30)/(-35) + 30/(-35). Let u be c(o). What is the highest common factor of 21 and u?
21
Let u = -1245 + 1875. Suppose 3636 = 5*h + 3*o + 3310, 2*h - 164 = 3*o. Calculate the highest common factor of h and u.
70
Let s = 6114 + -2198. What is the greatest common divisor of 11 and s?
11
Let p be (-11)/(-9) + -1 + (-3813)/27. Let u = -58 - p. Calculate the greatest common divisor of u and 1079.
83
Let l = 29583 - 29546. What is the greatest common factor of l and 6179?
37
Suppose 1194 = 10*r - 2766. Suppose -c = -5*s - 46, 4*c + 2*s = -0*s + 140. Calculate the highest common factor of r and c.
36
Let v = 41 + -38. Suppose 5*o - 1241 = -v*x, 5*o - 2*o - 739 = x. What is the highest common divisor of o and 19?
19
Let c(k) = -k**3 + k**2 + 4*k - 2. Let y be c(0). Let m be 23 + ((-8)/12)/(y/(-9)). Calculate the highest common divisor of m and 270.
10
Let j be (-47 + 16)*(1*-6 - -3). Calculate the greatest common divisor of 124 and j.
31
Let r = -34958 - -35168. Let o = 45 + 15. What is the greatest common factor of r and o?
30
Let b(y) = -y**3 + 10*y**2 - 4*y - 16. Let z be b(6). Let j be (z/(-6))/(26/(-195)). What is the greatest common factor of j and 13?
13
Suppose -5*f = 7*f - 72. Let d be ((-2)/f)/(2/(-6)). Suppose 9*o - 25 = 4*o. Calculate the greatest common divisor of d and o.
1
Let v(l) = l**3 - 37*l**2 - 104*l - 425. Let f be v(40). Let h = -5 + 10. What is the highest common factor of f and h?
5
Let v = 67 - 64. Suppose -v*t = 4*d - 820, -3*d + 0*d - 813 = -3*t. Calculate the highest common divisor of 51 and t.
17
Suppose 2*n = c - 0*c + 165, c + 411 = 5*n. Suppose 0 = -4*v + n + 6. What is the greatest common divisor of 44 and v?
22
Let v = 20451 - 20344. Calculate the highest common factor of v and 14873.
107
Let i(h) = 3*h. Let l(r) = r**2 - r + 1. Let t(c) = i(c) + 2*l(c). Let g be t(-2). Let j = -26775 + 26807. Calculate the highest common factor of g and j.
8
Suppose -19*a + 376 = -3*a - 4024. Calculate the greatest common factor of a and 11.
11
Suppose 1 = 3*b + 5*p, p - 5*p = -b + 6. Suppose 5*t = -3*n + 1274, 3*t + b*n - n = 766. What is the greatest common divisor of 32 and t?
32
Let t = -730 - -748. What is the greatest common divisor of t and 8784?
18
Suppose 0 = 22*d - 5093 - 1810 + 1469. What is the highest common factor of d and 26?
13
Suppose 26*s - 48*s + 2988 = -18*s. Calculate the greatest common factor of 45 and s.
9
Suppose 2*k - 871 = -3*u, -380 = -3*u + 5*k + 456. Calculate the greatest common factor of 22960 and u.
287
Let f(g) = g**3 + 5*g**2 + 7*g + 21. Let p be f(-9). Let u be 1/(p/(-363) + -1). Let y = 179 - u. What is the highest common factor of 29 and y?
29
Let g be 49/((-32683)/(-58)) - (-22423)/23. Calculate the highest common factor of g and 3081.
39
Let l be (0 - (0 - 3)) + 0. Suppose -4 - 5 = -l*n. Let h be (-42)/(-5)*(10 - (2 + n)). Calculate the highest common factor of 6 and h.
6
Suppose -14*l - 50 = -w - 16*l, 2*w - 113 = -5*l. Let d(m) = -2*m**3 + 3*m**2 + m + 2. Let u be d(-4). Calculate the highest common divisor of w and u.
6
Let n = -69 + 1. Let m be (8 + 2)*n/(-8). Let q be 10/m + (-100)/(-17). Calculate the greatest common factor of q and 3.
3
Suppose 460*p - 455*p = m + 4630, -4*m + 968 = p. Let x(u) = 3*u**2 - 3*u - 4. Let k be x(-3). What is the highest common divisor of k and p?
32
Let g be 1/(-13) - ((-39721)/(-143))/(-23). Calculate the highest common divisor of g and 1472.
4
Let v(i) = 6*i - 16. Let m = 127 - 122. Let q be v(m). Let b = q - -18. What is the highest common factor of 48 and b?
16
Let i = 179 - -10. Let r be 8 + 103 + (-19)/(95/30). What is the highest common divisor of i and r?
21
Let h be (-160051846)/(-3926) + 2/(-13). What is the greatest common factor of h and 127?
127
Let c(z) = -z**2 - 10*z - 14. Let t be c(-8). Let s be 2 + (-2 + 3/2)*t. Let f(x) = 16*x - 1. Let w be f(s). What is the highest common factor of 60 and w?
15
Suppose 5550 = 75*w + 53*w - 5714. What is the greatest common factor of 4840 and w?
88
Let q = 15654 - 13884. Calculate the greatest common factor of q and 165.
15
Suppose 0*z - z = -42. Suppose 37587 = 245*c + 14067. What is the highest common factor of c and z?
6
Suppose -4*v + 6 = 3*j - 18, -12 = -2*v - 3*j. What is the greatest common factor of v and 8?
2
Suppose 0 = -8*y - 5*y + 143. Let g be -1 - 0 - (-78 - y). Calculate the greatest common factor of g and 33.
11
Let g be 13 - -28 - (-1)/(-1). Suppose -5*c + g = 5*l, 20*l = 23*l + 4*c - 26. Suppose -4*h = -9*h + 20. Calculate the highest common divisor of h and l.
2
Let x(c) = 3*c**2 + 64*c - 52. Let k be x(-22). Let o(b) = -3*b - 22. Let p be o(k). Calculate the greatest common divisor of 2 and p.
2
Let i(b) = 11*b + 827. Let m be i(-75). What is the highest common divisor of 3878 and m?
2
Let u = -867 - 513. Let g be u/(-23)*2/5*1. Calculate the greatest common factor of 192 and g.
24
Let m(y) = -y**3 - 11*y**2 + y + 13. Let c be m(-11). Let v be c*((-6)/2 - -6). Suppose -v - 12 = -3*z. What is the highest common divisor of 6 and z?
6
Let y be (-6)/(-10) - 632/(-5). Let d = y + -73. Suppose -48 = -2*n + 3*g, -25*n + 29*n = -3*g + 168. What is the greatest common divisor of n and d?
18
Suppose -5*z = -618 - 1652. Let x = z + -379. Calculate the greatest common divisor of x and 10.
5
Suppose -4*i + 5*h = -835, 64*i - h = 65*i - 211. Calculate the greatest common divisor of i and 345.
15
Suppose 329*v - 176*v - 166*v + 18174 = 0. Calculate the greatest common divisor of 6 and v.
6
Let w = -15 - -21. Let h be 1/3 - (-94)/w. Let r = -155296 - -155440. Calculate the greatest common factor of r and h.
16
Let a(b) = b**3 + 3*b**2 - 12*b - 10. Let f be a(-5). Suppose 2*r + m - 366 = f, 287 = 2*r + 3*m - 75. Calculate the greatest common factor of r and 46.
46
Let j be (-1230)/(-11) + 10/55. Let y be 1 + ((-2)/4 - 6/4). Let u be (y + 100/(-12))*(-6)/4. What is the greatest common divisor of j and u?
14
Let g = 44 + -44. Let j = -19 - g. Let h = j - -49. What is the highest common factor of h and 15?
15
Suppose 9*l = -57 - 609. Let f = 65 + l. Let k(u) = u**3 + 11*u**2 + 7*u + 5. Let q be k(f). What is the greatest common factor of q and 26?
26
Let p = 626 - 436. Suppose 11*s = s + p. Suppose -20*n + 55 = -s*n. What is the highest common factor of 33 and n?
11
Let c(k) = 2*k**2 + 9*k + 8. Let i be c(-6). Suppose -5*h = -18*h + i. Suppose h = -2*u + 42. What is the greatest common divisor of u and 140?
20
Suppose -712*o + 706*o = -102. Let m(q) = 3*q - 19. Let n be m(o). What is the highest common divisor of n and 64?
32
Let j(t) = 6*t + 1. Let q be j(9). Suppose -